 the highest common factor of 8 and t.
8
Let w(g) = g**2 - 5*g - 3. Let b be w(6). Suppose 0 = b*s - 0*s - 75. Suppose q + 4*q - s = 0. Calculate the greatest common factor of 45 and q.
5
Let n = -28 - -76. Calculate the greatest common factor of n and 12.
12
Let i = -5 + 65. Calculate the highest common divisor of i and 12.
12
Suppose -3*z - 139 = -8*z - m, 81 = 3*z + 3*m. Suppose k - z = -3*k. What is the greatest common divisor of k and 7?
7
Let x(k) = -k**2 + k + 2. Let m be x(4). Let y = -7 - m. Let z be ((-2)/(-4))/((-1)/(-12)). What is the greatest common divisor of y and z?
3
Let d(z) be the third derivative of -z**4/24 - z**3/6 - 3*z**2. Let b be d(-12). What is the highest common factor of 11 and b?
11
Let o(v) = 2*v**3 - 6*v**2 + 2*v - 7. Let r be o(5). Let a = r + 25. Let n(t) = -6*t - 2. Let c be n(-3). What is the highest common divisor of c and a?
16
Let y(k) = -k**2 + 9*k - 5. Let c be y(9). Let j(d) = d**2 + 4*d + 3. Let f be j(c). What is the greatest common divisor of f and 12?
4
Suppose 5*w + 0*w - 5 = 0. Suppose 0 = -0*i + 2*i - 64. Suppose -2*v = 2*v + 4, -i = -4*f - 4*v. What is the highest common divisor of f and w?
1
Let q(i) = -i + 22. Let s be q(9). Let f = -141 - -284. Calculate the highest common factor of s and f.
13
Let b = 22 - 31. Let z = 45 - b. What is the greatest common divisor of z and 18?
18
Suppose -72 = -c - c. Suppose 4*p + 0*v - 38 = v, 3*p = -3*v + c. What is the highest common divisor of 30 and p?
10
Let y(i) = 5*i - 76. Let c be y(20). Calculate the highest common factor of c and 72.
24
Let b be (2 - 10/(-4) - 1)*2. Let r(d) = -d**3 + 7*d**2 - 4*d - 2. Let x be r(5). Calculate the greatest common factor of b and x.
7
Suppose 2*p = 4*w - 776, -3*p + 89 = w - 91. What is the greatest common divisor of w and 24?
24
Let i(v) = -v + 1. Let a = -1 - 3. Let f be i(a). What is the highest common factor of 45 and f?
5
Suppose 5*i - 1 = 24. Suppose o + 0*o + 3*m + 17 = 0, i*o + 20 = -2*m. Let v be (5/o)/((-4)/88). Calculate the greatest common factor of v and 5.
5
Let y be -1 + (-8)/(-6) - 18752/(-192). Calculate the greatest common factor of y and 14.
14
Suppose 2*i + 0*h - 14 = 4*h, 35 = 5*i - h. What is the highest common divisor of 1 and i?
1
Let s(t) = t**2 - 27*t + 11. Let i be s(27). What is the highest common factor of 99 and i?
11
Suppose -10 = 2*j + 3*j. Suppose 0 = 3*f + 3*a + 9, 0 = 3*f + a + 4*a + 17. Let w be (-39)/j + f/2. Calculate the greatest common factor of w and 50.
10
Let o = 553 + -345. Let l = o + -103. Let t be (-1)/2*-36 + -3. What is the highest common factor of t and l?
15
Suppose -5*b + 181 = -0*b + 2*a, 5*b - 172 = a. What is the highest common factor of 7 and b?
7
Let b be (-2)/(-4) - (-99)/(-6). Let t = 94 - 60. Let v = t + b. What is the highest common divisor of v and 2?
2
Let r(f) = -2*f**2 - 9*f - 1. Let t be r(-5). Let o be -8 - t - (-136)/2. Calculate the greatest common factor of o and 6.
6
Let k(q) be the first derivative of 2*q + 1/3*q**3 + 3*q**2 - 1. Let l be k(-11). What is the greatest common divisor of 38 and l?
19
Suppose -6*w + w + 50 = 0. Calculate the highest common factor of w and 30.
10
Let l be (-80)/(-6)*15/10. Calculate the highest common divisor of 220 and l.
20
Let i(o) = 6*o - 10. Let n be i(4). Calculate the greatest common factor of n and 49.
7
Let y(i) = 2*i - 29. Let p be y(18). Calculate the highest common divisor of 56 and p.
7
Let o = 10 + -6. Let s be 11 + 0 - (o + -5). What is the highest common factor of 36 and s?
12
Suppose -4*y + 2200 = -2*p, p = y - 0*p - 550. Let w = -270 + y. What is the greatest common factor of w and 35?
35
Let o be 1148/(-12) - 6/(-9). Let w = -40 - o. What is the greatest common divisor of 11 and w?
11
Let f(m) be the first derivative of m**2/2 - 3*m - 1. Let n be f(5). Calculate the greatest common divisor of n and 4.
2
Let a = -16 - -2. Let t be (-1)/(2/a) - -3. What is the highest common divisor of t and 5?
5
Suppose -6 = 4*i + 2. Let o be 24/18*(-3)/i. Let q(f) = 4*f**2 - 1. Let n be q(-1). What is the greatest common divisor of n and o?
1
Let x be 6 + (-1)/((-2)/(-6)). Suppose -5*z - 47 = -2*d, -x*d + 5 = 2*d. Let b = z - -14. Calculate the greatest common factor of 30 and b.
5
Let i(q) = -q**3 + 12*q**2 - 12*q. Let u be i(8). Calculate the highest common factor of 16 and u.
16
Let n = 5 - 5. Suppose 5*w = -5, -5*k + 5*w + 25 = -n*k. What is the highest common factor of 1 and k?
1
Suppose 8 = -w + 2*w. Suppose d + 5 = w. Suppose 3*i - 12 = 69. What is the highest common divisor of i and d?
3
Let y(t) = t + 23. Let v be y(17). Calculate the greatest common divisor of v and 8.
8
Let d = 80 + -35. Calculate the highest common divisor of 5 and d.
5
Suppose 3*s + 33 = 2*c, 9 = c - 0*c - 4*s. What is the highest common factor of 7 and c?
7
Let v = 15 + -11. Suppose 0 = -a - v*a. Suppose 4*y + 14 = u - a*y, -y = u - 19. What is the highest common factor of u and 9?
9
Let d be ((-48)/(-30))/((-4)/(-50)). Suppose 8 = 4*i - d. What is the greatest common factor of 14 and i?
7
Suppose -2*f - 76 = -3*m, 0 = -m + 3*f + 33 - 3. Let w = 67 - 7. Calculate the highest common divisor of m and w.
12
Let f(b) = 6*b - 10. Let v be f(11). Calculate the highest common factor of v and 84.
28
Suppose 3*o + 55 = 8*o - z, -2*o - 5*z = -22. Let w be (-1 + 1 - -1)*1. What is the greatest common divisor of o and w?
1
Let p(u) = 27*u - 3. Let r be p(1). Calculate the highest common divisor of 60 and r.
12
Let a = 94 - 57. What is the highest common factor of 333 and a?
37
Let g(i) = i + 2. Let y be g(7). Let o be (6 + -8)*2/(-4). Calculate the greatest common divisor of o and y.
1
Let d be (0 + -1)*28/(-8)*2. Let x = 15 + -9. Let y(g) = -g + 13. Let b be y(x). What is the highest common divisor of d and b?
7
Let d be 108/8 - 1/(-2). What is the greatest common divisor of d and 112?
14
Let x(w) = -48*w. Let f be x(-1). What is the greatest common factor of f and 32?
16
Let p = 82 - -98. Calculate the highest common factor of p and 72.
36
Let h(l) = l**2 - 4*l + 6. Let g be h(5). Let r = 26 + -15. Calculate the highest common divisor of r and g.
11
Let o be 166/((-3)/(-5 - -2)). Suppose 0 = -5*y + 4*b + o, -4*y + 2*b = -2*y - 68. What is the highest common factor of 10 and y?
10
Let i(j) = -j - 2. Let o be i(0). Let k be (-5)/(o*3/12). Let y = k - 1. What is the highest common factor of 81 and y?
9
Let b be (2 + -1)*-1 + 10. Suppose 0 = -0*n + 3*n + x - 27, -x = 0. Suppose 0 = r - n. Calculate the highest common factor of b and r.
9
Suppose x + 0 + 5 = 0. Let i(j) = j**2 + 4*j - 3. Let c be i(x). What is the highest common divisor of 6 and c?
2
Suppose -15 = -3*k - 2*q, 17 + 4 = 2*k + 5*q. Suppose 0 = 5*f + k*x - 34, -x = x - 6. Calculate the highest common factor of 5 and f.
5
Let r = 387 + -133. Suppose -5*z + r = 3*d, 0 = -5*d - z - 2*z + 434. What is the greatest common factor of 11 and d?
11
Let q(c) = c**2 + 5*c - 38. Let t be q(5). Suppose -p - 7 = 3*f - 27, 8 = 2*f - 2*p. Calculate the greatest common divisor of t and f.
6
Let l be (-4)/6 - 24/18. Let a be (2*-10)/l - 2. Suppose 2*q - 346 = -5*k + k, 0 = -4*k + 4*q + 364. Calculate the greatest common factor of a and k.
8
Let r(i) = 2*i + 5. Let s be r(11). Let v be (2/(-2))/((-2)/18). Calculate the highest common divisor of v and s.
9
Suppose 277 = 7*u - 59. Calculate the greatest common factor of u and 24.
24
Let z = -5 - -3. Let w be 2/(-8) + (-11)/4. Let o be z/3 + (-50)/w. What is the highest common factor of o and 40?
8
Let b(m) = 2*m**3 - 5*m**2 + 4*m - 4. Let a = 0 - -3. Let f be b(a). Calculate the greatest common divisor of f and 119.
17
Let r(s) = 28*s + 1. Suppose -4*q = 2*p - 16, 3*q + 11 = 4*p + 4*q. Let l be r(p). Calculate the greatest common divisor of 38 and l.
19
Let b = 23 - 5. Suppose -4*d + 0*d = -36. Calculate the greatest common divisor of d and b.
9
Suppose 2*t + 39 = k - 2*t, -3*t - 36 = -k. Suppose -4*p = -p + k. Let w be 38/(1 - (-7)/p). What is the highest common factor of w and 19?
19
Suppose -7*d = d - 136. Let l(h) = -h**3 + 6*h**2 + 4*h + 3. Let m be 3/(2/(-16)*-6). Let s be l(m). What is the greatest common divisor of d and s?
17
Suppose -2*f = f + 12. Let w = f - -4. Suppose w*x = -3*x - 3*t + 15, 2*x - 10 = -5*t. What is the highest common facto